{"id":45,"date":"2012-10-26T14:59:54","date_gmt":"2012-10-26T13:59:54","guid":{"rendered":"http:\/\/www.pousse-poussette.fr\/?page_id=45"},"modified":"2022-09-07T15:00:36","modified_gmt":"2022-09-07T13:00:36","slug":"lequipe","status":"publish","type":"page","link":"https:\/\/www.pousse-poussette.fr\/?page_id=45","title":{"rendered":"Pr\u00e9sentation de l&rsquo;\u00e9quipe"},"content":{"rendered":"<p><img loading=\"lazy\" decoding=\"async\" class=\"alignleft\" style=\"border: 2px solid black; margin-right: 1px; margin-left: 1px;\" title=\"Sophie W\" src=\"https:\/\/www.pousse-poussette.fr\/wp-content\/uploads\/2012\/10\/SophieW.jpg\" alt=\"\" width=\"158\" height=\"154\" \/><br \/><strong><span style=\"color: #3366ff;\"><em>SOPHIE W, <\/em><\/span><\/strong><span style=\"color: #3366ff;\"><em><span style=\"color: #000000;\">depuis 1987<\/span><\/em><\/span><strong><br \/><em>DIRECTRICE<\/em><\/strong><\/p>\n<p><span style=\"color: #3366ff;\">\u00c9ducatrice de Jeunes Enfants<\/span><br \/>A l&rsquo;origine de la cr\u00e9ation de la cr\u00e8che en 1987<\/p>\n<address style=\"text-align: right; padding-left: 210px;\">\u00a0<\/address>\n<p><img loading=\"lazy\" decoding=\"async\" class=\"alignright wp-image-587\" style=\"margin: 1px; border: 2px solid black;\" title=\"Sophie L\" src=\"https:\/\/www.pousse-poussette.fr\/wp-content\/uploads\/2012\/10\/SophieL.jpg\" alt=\"\" width=\"158\" height=\"154\" \/><\/p>\n<address style=\"text-align: left;\"><address><em><em><span style=\"color: #ff6600;\"><strong>\u00a0 \u00a0 \u00a0 \u00a0 \u00a0 \u00a0 \u00a0 \u00a0 \u00a0 \u00a0 \u00a0 \u00a0 \u00a0 \u00a0 \u00a0 \u00a0 \u00a0 \u00a0 \u00a0 \u00a0 \u00a0 \u00a0 \u00a0 \u00a0 \u00a0 \u00a0 \u00a0 \u00a0 \u00a0 \u00a0 \u00a0 \u00a0 \u00a0 \u00a0 \u00a0<\/strong><\/span><\/em><\/em>\n<p>\u00a0<\/p>\n<address><em><strong><span style=\"color: #ff0000;\">SOPHIE L<\/span><\/strong>, depuis 1997\u00a0<\/em><\/address><address><strong>ADJOINTE A LA DIRECTION<\/strong><span style=\"color: #ff0000;\">\u00a0<\/span><\/address><address><span style=\"color: #ff0000;\">\u00c9ducatrice de Jeunes Enfants<\/span><em><span style=\"color: #ff6600;\"><strong>\u00a0 \u00a0 \u00a0 \u00a0 \u00a0 \u00a0 \u00a0 \u00a0 \u00a0 \u00a0 \u00a0 \u00a0 \u00a0 \u00a0 \u00a0 \u00a0 \u00a0 \u00a0 \u00a0 \u00a0 \u00a0 \u00a0 \u00a0 \u00a0 \u00a0 \u00a0 \u00a0 \u00a0 \u00a0 \u00a0<\/strong><\/span><\/em><\/address><address>\u00a0<em><span style=\"color: #ff6600;\"><strong>\u00a0 \u00a0 \u00a0 \u00a0 \u00a0 \u00a0 \u00a0 \u00a0 \u00a0 \u00a0 \u00a0 \u00a0 \u00a0 \u00a0 \u00a0 \u00a0 \u00a0<\/strong><\/span><\/em><\/address><\/address><\/address><address style=\"text-align: left;\">\u00a0<\/address><address style=\"text-align: left;\">\u00a0<\/address><address>\u00a0<\/address><address style=\"text-align: left;\">\u00a0<\/address><address>\u00a0<img loading=\"lazy\" decoding=\"async\" class=\"size-full wp-image-1175 alignright\" src=\"https:\/\/www.pousse-poussette.fr\/wp-content\/uploads\/2012\/10\/caroline2.jpg\" alt=\"caroline\" width=\"120\" height=\"160\" \/><span style=\"color: #000080;\"><em><strong>\u00a0 \u00a0 \u00a0 \u00a0 \u00a0 \u00a0 \u00a0 \u00a0 \u00a0 \u00a0 \u00a0 \u00a0 \u00a0 \u00a0 \u00a0 \u00a0 \u00a0 \u00a0 \u00a0 \u00a0 \u00a0 \u00a0 \u00a0 \u00a0 \u00a0 \u00a0 \u00a0 \u00a0 \u00a0<\/strong><\/em><\/span><\/address><address><address>\u00a0<em style=\"color: #000080;\"><strong>CAROLINE<\/strong>, depuis 2003<\/em><span style=\"color: #000080;\">\u00a0<\/span><\/address><address style=\"text-align: left;\"><address><span style=\"color: #000080;\">Auxiliaire de Pu\u00e9riculture<\/span><\/address><address><span style=\"color: #000080;\">et Aide M\u00e9dico-Psychologique<\/span><\/address><\/address><\/address><address>\u00a0<\/address><address>\u00a0\u00a0\u00a0<\/address><address>\u00a0<\/address><address>\u00a0<\/address><address style=\"text-align: left;\"><address><address><address><a href=\"https:\/\/www.pousse-poussette.fr\/wp-content\/uploads\/2013\/12\/7.jpg\"><img loading=\"lazy\" decoding=\"async\" class=\"wp-image-1034 size-medium alignleft\" src=\"https:\/\/www.pousse-poussette.fr\/wp-content\/uploads\/2013\/12\/7-300x199.jpg\" alt=\"Monique et Nathalie pr\u00eatent pour l'accueil des invit\u00e9s\" width=\"300\" height=\"199\" srcset=\"https:\/\/www.pousse-poussette.fr\/wp-content\/uploads\/2013\/12\/7-300x199.jpg 300w, https:\/\/www.pousse-poussette.fr\/wp-content\/uploads\/2013\/12\/7.jpg 640w\" sizes=\"auto, (max-width: 300px) 100vw, 300px\" \/><\/a>\u00a0<\/address><\/address><\/address><\/address><address style=\"text-align: right;\"><address>\u00a0\u00a0<\/address><address><span style=\"color: #ff0000;\">\u00a0<em><strong>MONIQUE<\/strong><\/em><\/span> (\u00e0 gauche)<em>, depuis 1988 &#8211;\u00a0<\/em>CAP Petite Enfance &#8211;\u00a0<strong>Cuisini\u00e8re<\/strong><\/address><address><address>et\u00a0<em><span style=\"color: #339966;\"><strong>NATHALIE <\/strong><\/span>(\u00e0 droite), depuis 1988 &#8211;\u00a0<\/em>CAP Petite Enfance<\/address><address>\u00a0<\/address><address>\u00a0\u00a0<\/address><\/address><\/address>\n<p><em><span style=\"color: #f68f45;\"><strong><img loading=\"lazy\" decoding=\"async\" class=\"alignleft size-full wp-image-1176\" style=\"margin: 1px; border: 2px solid black;\" src=\"https:\/\/www.pousse-poussette.fr\/wp-content\/uploads\/2012\/10\/colombe.jpg\" alt=\"colombe\" width=\"135\" height=\"158\" \/><\/strong><\/span><\/em><\/p>\n<p>\u00a0<\/p>\n<p><em><span style=\"color: #ff6600;\"><strong>\u00a0 \u00a0COLOMBE<\/strong>,<\/span> depuis 2009<\/em><br \/><span style=\"color: #ff6600;\">\u00a0 CAP Petite enfance<\/span><\/p>\n<p>\u00a0<\/p>\n<p>\u00a0<img loading=\"lazy\" decoding=\"async\" class=\"wp-image-1178 alignright\" style=\"margin: 1px; border: 2px solid black;\" src=\"https:\/\/www.pousse-poussette.fr\/wp-content\/uploads\/2012\/10\/floriane.jpg\" alt=\"floriane\" width=\"148\" height=\"164\" \/><\/p>\n<p>\u00a0\u00a0<span style=\"color: #3366ff;\"><strong><em>FLORIANE<\/em>, <\/strong><\/span><em>depuis 2014\u00a0<\/em><\/p>\n<p><span style=\"color: #3366ff;\">\u00a0 CAP Petite Enfance<\/span><\/p>\n<p style=\"text-align: right;\"><span style=\"color: #3366ff;\">\u00a0<\/span><\/p>\n<p style=\"text-align: right;\"><span style=\"color: #3366ff;\">\u00a0<\/span><br \/><img loading=\"lazy\" decoding=\"async\" class=\"size-full wp-image-1180 alignleft\" style=\"margin: 1px; border: 2px solid black;\" src=\"https:\/\/www.pousse-poussette.fr\/wp-content\/uploads\/2012\/10\/orlane.jpg\" alt=\"orlane\" width=\"127\" height=\"164\" \/><\/p>\n<address>\u00a0<\/address><address><span style=\"color: #800080;\"><em><strong>\u00a0<\/strong><\/em><\/span><span style=\"color: #800080;\"><em><strong>\u00a0 ORLANE,<\/strong><\/em><\/span> depuis 2014<\/address><address><span style=\"color: #800080;\">\u00a0 CAP Petite Enfance<\/span><\/address><address>\u00a0<\/address><address>\u00a0<\/address><address>\u00a0\u00a0<a href=\"https:\/\/www.pousse-poussette.fr\/wp-content\/uploads\/2020\/10\/Virginie.jpg\"><img loading=\"lazy\" decoding=\"async\" class=\"size-thumbnail wp-image-3042 alignright\" src=\"https:\/\/www.pousse-poussette.fr\/wp-content\/uploads\/2020\/10\/Virginie-150x150.jpg\" alt=\"\" width=\"150\" height=\"150\" \/><\/a><\/address><address>\u00a0\u00a0<\/address><address>\u00a0<\/address><address><strong><span style=\"color: #ff00ff;\">VIRGINIE<\/span><\/strong>, depuis 2020<\/address><address><span style=\"color: #ff00ff;\">CAP Petite Enfance<\/span><\/address><address>\u00a0<\/address><address>\u00a0<\/address><address><a href=\"https:\/\/www.pousse-poussette.fr\/wp-content\/uploads\/2020\/10\/Alicia.jpg\"><img loading=\"lazy\" decoding=\"async\" class=\"wp-image-3044 size-full alignleft\" src=\"https:\/\/www.pousse-poussette.fr\/wp-content\/uploads\/2020\/10\/Alicia.jpg\" alt=\"\" width=\"171\" height=\"201\" \/><\/a>\u00a0<\/address><address>\u00a0<\/address><address><strong><span style=\"color: #ff0000;\">ALICIA<\/span><\/strong>, depuis 2020<\/address><address><span style=\"color: #ff0000;\">CAP\u00a0 Accompagnement Petite Enfance\u00a0<\/span><\/address><address>\u00a0<\/address><address>\u00a0<\/address><address>\u00a0<\/address><address>\u00a0<\/address><address><img loading=\"lazy\" decoding=\"async\" class=\"size-thumbnail wp-image-2285 alignright\" src=\"https:\/\/www.pousse-poussette.fr\/wp-content\/uploads\/2012\/10\/melanie-2-150x150.jpg\" alt=\"melanie (2)\" width=\"150\" height=\"150\" \/><\/address><address>\u00a0<\/address><address>\u00a0<\/address><address><address><strong><span style=\"color: #0000ff;\">MELANIE<\/span><\/strong>, depuis 2017\u00a0\u00a0<\/address><address><address><span style=\"color: #0000ff;\">Comptable<\/span><\/address><address>\u00a0<\/address><\/address><address>\u00a0<\/address><\/address><address>\u00a0<\/address>\n\n\n<p><\/p>\n","protected":false},"excerpt":{"rendered":"<p>SOPHIE W, depuis 1987DIRECTRICE \u00c9ducatrice de Jeunes EnfantsA l&rsquo;origine de la cr\u00e9ation de la cr\u00e8che en 1987 \u00a0 \u00a0 \u00a0 \u00a0 \u00a0 \u00a0 \u00a0 \u00a0 \u00a0 \u00a0 \u00a0 \u00a0 \u00a0 \u00a0 \u00a0 \u00a0 \u00a0 \u00a0 \u00a0 \u00a0 \u00a0 \u00a0 \u00a0 \u00a0 \u00a0 \u00a0 \u00a0 \u00a0 \u00a0 \u00a0 \u00a0 \u00a0 \u00a0 \u00a0 \u00a0 \u00a0 \u00a0 SOPHIE&#8230;<br \/><a class=\"more-link\" href=\"https:\/\/www.pousse-poussette.fr\/?page_id=45\">Continue reading &raquo;<\/a><\/p>\n","protected":false},"author":1,"featured_media":0,"parent":94,"menu_order":3,"comment_status":"closed","ping_status":"closed","template":"","meta":{"footnotes":""},"class_list":["post-45","page","type-page","status-publish","hentry"],"_links":{"self":[{"href":"https:\/\/www.pousse-poussette.fr\/index.php?rest_route=\/wp\/v2\/pages\/45","targetHints":{"allow":["GET"]}}],"collection":[{"href":"https:\/\/www.pousse-poussette.fr\/index.php?rest_route=\/wp\/v2\/pages"}],"about":[{"href":"https:\/\/www.pousse-poussette.fr\/index.php?rest_route=\/wp\/v2\/types\/page"}],"author":[{"embeddable":true,"href":"https:\/\/www.pousse-poussette.fr\/index.php?rest_route=\/wp\/v2\/users\/1"}],"replies":[{"embeddable":true,"href":"https:\/\/www.pousse-poussette.fr\/index.php?rest_route=%2Fwp%2Fv2%2Fcomments&post=45"}],"version-history":[{"count":92,"href":"https:\/\/www.pousse-poussette.fr\/index.php?rest_route=\/wp\/v2\/pages\/45\/revisions"}],"predecessor-version":[{"id":4766,"href":"https:\/\/www.pousse-poussette.fr\/index.php?rest_route=\/wp\/v2\/pages\/45\/revisions\/4766"}],"up":[{"embeddable":true,"href":"https:\/\/www.pousse-poussette.fr\/index.php?rest_route=\/wp\/v2\/pages\/94"}],"wp:attachment":[{"href":"https:\/\/www.pousse-poussette.fr\/index.php?rest_route=%2Fwp%2Fv2%2Fmedia&parent=45"}],"curies":[{"name":"wp","href":"https:\/\/api.w.org\/{rel}","templated":true}]}}